{"id":377,"date":"2021-03-20T12:39:39","date_gmt":"2021-03-20T12:39:39","guid":{"rendered":"http:\/\/szalvia-art.com\/?page_id=377"},"modified":"2021-04-17T18:06:49","modified_gmt":"2021-04-17T18:06:49","slug":"o-mnie-2","status":"publish","type":"page","link":"https:\/\/szalvia-art.com\/?page_id=377","title":{"rendered":"O mnie"},"content":{"rendered":"<h5><span style=\"color: #878787;\">Witaj w moim \u015bwiecie,<\/span><\/h5>\r\n\r\n\r\n\u015bwiecie czar\u00f3w-\u015bwiecie ceramiki w ,kt\u00f3rej kszta\u0142tach zakl\u0119te wra\u017cenia i emocje przenikaj\u0105 si\u0119 z tchnieniem pradawnych przodk\u00f3w.Po\u0142\u0105czenie wsp\u00f3\u0142czesno\u015bci i tradycji tworzy w\u0142asn\u0105 magi\u0119, wszak tw\u00f3rczo\u015b\u0107 jest form\u0105 magii .Nazywam si\u0119 Sylwia- od zawsze co\u015b tworzy\u0142am pr\u00f3buj\u0105c uchwyci\u0107 wra\u017cenia ,emocje ,kszta\u0142ty, faktury, kolory stosuj\u0105c r\u00f3\u017cne formy wyrazu.Glina jako tworzywo sta\u0142a si\u0119 moj\u0105 najwi\u0119ksz\u0105 pasj\u0105.Zawsze poci\u0105ga\u0142 mnie duch dawnych kultur i tradycyjne metody wypa\u0142u- z tej fascynacji powsta\u0142 w\u0142asny piec ziemny.W swoich pracach \u0142\u0105cz\u0119 nowe techniki zdobienia i wypa\u0142u z tradycyjnymi co nadaje im niepowtarzalny charakter.<!-- \/wp:post-content -->","protected":false},"excerpt":{"rendered":"<p>Witaj w moim \u015bwiecie, \u015bwiecie czar\u00f3w-\u015bwiecie ceramiki w ,kt\u00f3rej kszta\u0142tach zakl\u0119te wra\u017cenia i emocje przenikaj\u0105 si\u0119 z tchnieniem pradawnych przodk\u00f3w.Po\u0142\u0105czenie wsp\u00f3\u0142czesno\u015bci i tradycji tworzy w\u0142asn\u0105 magi\u0119, wszak tw\u00f3rczo\u015b\u0107 jest form\u0105 magii .Nazywam si\u0119 Sylwia- od zawsze co\u015b tworzy\u0142am pr\u00f3buj\u0105c uchwyci\u0107 wra\u017cenia ,emocje ,kszta\u0142ty, faktury, kolory stosuj\u0105c r\u00f3\u017cne formy wyrazu.Glina jako tworzywo sta\u0142a si\u0119 moj\u0105 najwi\u0119ksz\u0105<\/p>\n<div><a class=\"btn-filled btn\" href=\"https:\/\/szalvia-art.com\/?page_id=377\" title=\"O mnie\">Czytaj wi\u0119cej<\/a><\/div>\n","protected":false},"author":1,"featured_media":420,"parent":0,"menu_order":0,"comment_status":"closed","ping_status":"closed","template":"","meta":{"advanced_seo_description":"","spay_email":"","footnotes":""},"class_list":["post-377","page","type-page","status-publish","has-post-thumbnail","hentry"],"jetpack_sharing_enabled":true,"jetpack_likes_enabled":true,"_links":{"self":[{"href":"https:\/\/szalvia-art.com\/index.php?rest_route=\/wp\/v2\/pages\/377","targetHints":{"allow":["GET"]}}],"collection":[{"href":"https:\/\/szalvia-art.com\/index.php?rest_route=\/wp\/v2\/pages"}],"about":[{"href":"https:\/\/szalvia-art.com\/index.php?rest_route=\/wp\/v2\/types\/page"}],"author":[{"embeddable":true,"href":"https:\/\/szalvia-art.com\/index.php?rest_route=\/wp\/v2\/users\/1"}],"replies":[{"embeddable":true,"href":"https:\/\/szalvia-art.com\/index.php?rest_route=%2Fwp%2Fv2%2Fcomments&post=377"}],"version-history":[{"count":6,"href":"https:\/\/szalvia-art.com\/index.php?rest_route=\/wp\/v2\/pages\/377\/revisions"}],"predecessor-version":[{"id":777,"href":"https:\/\/szalvia-art.com\/index.php?rest_route=\/wp\/v2\/pages\/377\/revisions\/777"}],"wp:featuredmedia":[{"embeddable":true,"href":"https:\/\/szalvia-art.com\/index.php?rest_route=\/wp\/v2\/media\/420"}],"wp:attachment":[{"href":"https:\/\/szalvia-art.com\/index.php?rest_route=%2Fwp%2Fv2%2Fmedia&parent=377"}],"curies":[{"name":"wp","href":"https:\/\/api.w.org\/{rel}","templated":true}]}}